{"id":2,"date":"2015-08-04T09:32:25","date_gmt":"2015-08-04T07:32:25","guid":{"rendered":"http:\/\/rasta.se\/mariestad\/?page_id=2"},"modified":"2026-01-26T15:20:50","modified_gmt":"2026-01-26T14:20:50","slug":"hotell","status":"publish","type":"page","link":"https:\/\/www.rasta.se\/mariestad\/hotell\/","title":{"rendered":"Hotell"},"content":{"rendered":"<p>Detta \u00e4r en exempelsida. Den skiljer sig fr\u00e5n ett blogginl\u00e4gg eftersom den \u00e4r statisk och kommer att finnas p\u00e5 samma plats hela tiden, den kommer troligen att visas i din sidnavigering (i de flesta teman). De flesta b\u00f6rjar med en Om-sida som introducerar dem f\u00f6r potentiella bes\u00f6kare. Den skulle t.ex kunna ha f\u00f6ljande inneh\u00e5ll:<\/p>\n<blockquote><p>Hej d\u00e4r! Jag \u00e4r cykelbud p\u00e5 dagen, blivande sk\u00e5despelare p\u00e5 natten och detta \u00e4r min blogg. Jag bor i \u00d6rebro, har en katt som heter Lurv och jag gillar Pina Coladas. (och att simma i G\u00f6ta kanal).<\/p><\/blockquote>\n<p>&#8230; eller n\u00e5got liknande detta:<\/p>\n<blockquote><p>Den officiella svenska portalen f\u00f6r WordPress, WP-Support Sverige grundades 2007 och tillhandah\u00e5ller svenska \u00f6vers\u00e4ttningar f\u00f6r WordPress, teman och till\u00e4gg. Beh\u00f6ver man hj\u00e4lp med att komma ig\u00e5ng eller st\u00f6ter p\u00e5 problem s\u00e5 \u00e4r WP-Support Sverige den perfekta platsen att f\u00e5 svensk support p\u00e5. Du hittar portalen p\u00e5 wp-support.se.<\/p><\/blockquote>\n<p>Som ny WordPress-anv\u00e4ndare b\u00f6r du g\u00e5 till <a href=\"http:\/\/www.rasta.se\/mariestad\/wp-admin\/\">din adminpanel<\/a> f\u00f6r att ta bort denna sida och sedan skapa nya sidor f\u00f6r ditt inneh\u00e5ll. Ha det s\u00e5 kul!<\/p>\n","protected":false},"excerpt":{"rendered":"<p>Detta \u00e4r en exempelsida. Den skiljer sig fr\u00e5n ett blogginl\u00e4gg eftersom den \u00e4r statisk och kommer att finnas p\u00e5 samma plats hela tiden, den kommer troligen att visas i din sidnavigering (i de flesta teman). De flesta b\u00f6rjar med en Om-sida som introducerar dem f\u00f6r potentiella bes\u00f6kare. Den skulle t.ex kunna ha f\u00f6ljande inneh\u00e5ll: Hej [&hellip;]<\/p>\n","protected":false},"author":1,"featured_media":0,"parent":0,"menu_order":0,"comment_status":"open","ping_status":"open","template":"hotell-page.php","meta":{"_acf_changed":false,"footnotes":""},"class_list":["post-2","page","type-page","status-publish","hentry"],"acf":[],"yoast_head":"<!-- This site is optimized with the Yoast SEO plugin v26.9 - https:\/\/yoast.com\/product\/yoast-seo-wordpress\/ -->\n<title>Hotell med 54 rum n\u00e4ra G\u00f6ta kanal - Rasta Mariestad<\/title>\n<meta name=\"description\" content=\"Rasta Mariestad har 54 prisv\u00e4rda hotellrum. Frukost, internetuppkoppling och parkering ing\u00e5r alltid i priset.\" \/>\n<meta name=\"robots\" content=\"index, follow, max-snippet:-1, max-image-preview:large, max-video-preview:-1\" \/>\n<link rel=\"canonical\" href=\"https:\/\/www.rasta.se\/mariestad\/hotell\/\" \/>\n<meta property=\"og:locale\" content=\"sv_SE\" \/>\n<meta property=\"og:type\" content=\"article\" \/>\n<meta property=\"og:title\" content=\"Hotell med 54 rum n\u00e4ra G\u00f6ta kanal - Rasta Mariestad\" \/>\n<meta property=\"og:description\" content=\"Rasta Mariestad har 54 prisv\u00e4rda hotellrum. Frukost, internetuppkoppling och parkering ing\u00e5r alltid i priset.\" \/>\n<meta property=\"og:url\" content=\"https:\/\/www.rasta.se\/mariestad\/hotell\/\" \/>\n<meta property=\"og:site_name\" content=\"Rasta Mariestad\" \/>\n<meta property=\"article:modified_time\" content=\"2026-01-26T14:20:50+00:00\" \/>\n<meta name=\"twitter:card\" content=\"summary_large_image\" \/>\n<meta name=\"twitter:label1\" content=\"Ber\u00e4knad l\u00e4stid\" \/>\n\t<meta name=\"twitter:data1\" content=\"1 minut\" \/>\n<script type=\"application\/ld+json\" class=\"yoast-schema-graph\">{\"@context\":\"https:\/\/schema.org\",\"@graph\":[{\"@type\":\"WebPage\",\"@id\":\"https:\/\/www.rasta.se\/mariestad\/hotell\/\",\"url\":\"https:\/\/www.rasta.se\/mariestad\/hotell\/\",\"name\":\"Hotell med 54 rum n\u00e4ra G\u00f6ta kanal - Rasta Mariestad\",\"isPartOf\":{\"@id\":\"https:\/\/www.rasta.se\/mariestad\/#website\"},\"datePublished\":\"2015-08-04T07:32:25+00:00\",\"dateModified\":\"2026-01-26T14:20:50+00:00\",\"description\":\"Rasta Mariestad har 54 prisv\u00e4rda hotellrum. Frukost, internetuppkoppling och parkering ing\u00e5r alltid i priset.\",\"breadcrumb\":{\"@id\":\"https:\/\/www.rasta.se\/mariestad\/hotell\/#breadcrumb\"},\"inLanguage\":\"sv-SE\",\"potentialAction\":[{\"@type\":\"ReadAction\",\"target\":[\"https:\/\/www.rasta.se\/mariestad\/hotell\/\"]}]},{\"@type\":\"BreadcrumbList\",\"@id\":\"https:\/\/www.rasta.se\/mariestad\/hotell\/#breadcrumb\",\"itemListElement\":[{\"@type\":\"ListItem\",\"position\":1,\"name\":\"Hem\",\"item\":\"https:\/\/www.rasta.se\/mariestad\/\"},{\"@type\":\"ListItem\",\"position\":2,\"name\":\"Hotell\"}]},{\"@type\":\"WebSite\",\"@id\":\"https:\/\/www.rasta.se\/mariestad\/#website\",\"url\":\"https:\/\/www.rasta.se\/mariestad\/\",\"name\":\"Rasta Mariestad\",\"description\":\"Restaurang, v\u00e4gkrog &amp; hotell\",\"potentialAction\":[{\"@type\":\"SearchAction\",\"target\":{\"@type\":\"EntryPoint\",\"urlTemplate\":\"https:\/\/www.rasta.se\/mariestad\/?s={search_term_string}\"},\"query-input\":{\"@type\":\"PropertyValueSpecification\",\"valueRequired\":true,\"valueName\":\"search_term_string\"}}],\"inLanguage\":\"sv-SE\"}]}<\/script>\n<!-- \/ Yoast SEO plugin. -->","yoast_head_json":{"title":"Hotell med 54 rum n\u00e4ra G\u00f6ta kanal - Rasta Mariestad","description":"Rasta Mariestad har 54 prisv\u00e4rda hotellrum. Frukost, internetuppkoppling och parkering ing\u00e5r alltid i priset.","robots":{"index":"index","follow":"follow","max-snippet":"max-snippet:-1","max-image-preview":"max-image-preview:large","max-video-preview":"max-video-preview:-1"},"canonical":"https:\/\/www.rasta.se\/mariestad\/hotell\/","og_locale":"sv_SE","og_type":"article","og_title":"Hotell med 54 rum n\u00e4ra G\u00f6ta kanal - Rasta Mariestad","og_description":"Rasta Mariestad har 54 prisv\u00e4rda hotellrum. Frukost, internetuppkoppling och parkering ing\u00e5r alltid i priset.","og_url":"https:\/\/www.rasta.se\/mariestad\/hotell\/","og_site_name":"Rasta Mariestad","article_modified_time":"2026-01-26T14:20:50+00:00","twitter_card":"summary_large_image","twitter_misc":{"Ber\u00e4knad l\u00e4stid":"1 minut"},"schema":{"@context":"https:\/\/schema.org","@graph":[{"@type":"WebPage","@id":"https:\/\/www.rasta.se\/mariestad\/hotell\/","url":"https:\/\/www.rasta.se\/mariestad\/hotell\/","name":"Hotell med 54 rum n\u00e4ra G\u00f6ta kanal - Rasta Mariestad","isPartOf":{"@id":"https:\/\/www.rasta.se\/mariestad\/#website"},"datePublished":"2015-08-04T07:32:25+00:00","dateModified":"2026-01-26T14:20:50+00:00","description":"Rasta Mariestad har 54 prisv\u00e4rda hotellrum. Frukost, internetuppkoppling och parkering ing\u00e5r alltid i priset.","breadcrumb":{"@id":"https:\/\/www.rasta.se\/mariestad\/hotell\/#breadcrumb"},"inLanguage":"sv-SE","potentialAction":[{"@type":"ReadAction","target":["https:\/\/www.rasta.se\/mariestad\/hotell\/"]}]},{"@type":"BreadcrumbList","@id":"https:\/\/www.rasta.se\/mariestad\/hotell\/#breadcrumb","itemListElement":[{"@type":"ListItem","position":1,"name":"Hem","item":"https:\/\/www.rasta.se\/mariestad\/"},{"@type":"ListItem","position":2,"name":"Hotell"}]},{"@type":"WebSite","@id":"https:\/\/www.rasta.se\/mariestad\/#website","url":"https:\/\/www.rasta.se\/mariestad\/","name":"Rasta Mariestad","description":"Restaurang, v\u00e4gkrog &amp; hotell","potentialAction":[{"@type":"SearchAction","target":{"@type":"EntryPoint","urlTemplate":"https:\/\/www.rasta.se\/mariestad\/?s={search_term_string}"},"query-input":{"@type":"PropertyValueSpecification","valueRequired":true,"valueName":"search_term_string"}}],"inLanguage":"sv-SE"}]}},"_links":{"self":[{"href":"https:\/\/www.rasta.se\/mariestad\/wp-json\/wp\/v2\/pages\/2","targetHints":{"allow":["GET"]}}],"collection":[{"href":"https:\/\/www.rasta.se\/mariestad\/wp-json\/wp\/v2\/pages"}],"about":[{"href":"https:\/\/www.rasta.se\/mariestad\/wp-json\/wp\/v2\/types\/page"}],"author":[{"embeddable":true,"href":"https:\/\/www.rasta.se\/mariestad\/wp-json\/wp\/v2\/users\/1"}],"replies":[{"embeddable":true,"href":"https:\/\/www.rasta.se\/mariestad\/wp-json\/wp\/v2\/comments?post=2"}],"version-history":[{"count":47,"href":"https:\/\/www.rasta.se\/mariestad\/wp-json\/wp\/v2\/pages\/2\/revisions"}],"predecessor-version":[{"id":2048,"href":"https:\/\/www.rasta.se\/mariestad\/wp-json\/wp\/v2\/pages\/2\/revisions\/2048"}],"wp:attachment":[{"href":"https:\/\/www.rasta.se\/mariestad\/wp-json\/wp\/v2\/media?parent=2"}],"curies":[{"name":"wp","href":"https:\/\/api.w.org\/{rel}","templated":true}]}}