{"id":2,"date":"2021-11-18T14:28:03","date_gmt":"2021-11-18T13:28:03","guid":{"rendered":"https:\/\/www.rasta.se\/ekolskrog\/?page_id=2"},"modified":"2023-06-20T11:26:23","modified_gmt":"2023-06-20T09:26:23","slug":"startsidan","status":"publish","type":"page","link":"https:\/\/www.rasta.se\/ekolskrog\/startsidan\/","title":{"rendered":"Startsidan"},"content":{"rendered":"\r\n<p>Detta \u00e4r en exempelsida. Den skiljer sig fr\u00e5n ett blogginl\u00e4gg genom att den finns kvar p\u00e5 samma plats och kommer att visas i din webbplatsnavigering (i de flesta teman). De flesta b\u00f6rjar med en Om-sida som presenterar dem f\u00f6r potentiella bes\u00f6kare. Den skulle t.ex kunna ha f\u00f6ljande inneh\u00e5ll:<\/p>\r\n\r\n\r\n\r\n<blockquote class=\"wp-block-quote is-layout-flow wp-block-quote-is-layout-flow\">\r\n<p>Hej d\u00e4r! Jag \u00e4r cykelbud p\u00e5 dagen, blivande sk\u00e5despelare p\u00e5 natten och detta \u00e4r min blogg. Jag bor i \u00d6rebro, har en katt som heter Lurv och jag gillar Pina Coladas. (och att simma i G\u00f6ta kanal).<\/p>\r\n<\/blockquote>\r\n\r\n\r\n\r\n<p>&#8230; eller n\u00e5got liknande detta:<\/p>\r\n\r\n\r\n\r\n<blockquote class=\"wp-block-quote is-layout-flow wp-block-quote-is-layout-flow\">\r\n<p>F\u00f6retaget AB grundades 1971 och har sedan dess varit den st\u00f6rsta leverant\u00f6ren av grunk-manicker p\u00e5 den svenska marknaden. FAB finns i utkanten av Gr\u00f6nk\u00f6ping, har drygt 20\u00a0000 anst\u00e4llda och l\u00e4ser veckobladet varje \u00e5r.<\/p>\r\n<\/blockquote>\r\n\r\n\r\n\r\n<p>Som ny WordPress-anv\u00e4ndare b\u00f6r du g\u00e5 till din <a href=\"https:\/\/www.rasta.se\/dev\/rasta\/ekolskrog\/wp-admin\/\">adminpanel<\/a> f\u00f6r att radera denna sida och skapa nya sidor f\u00f6r ditt inneh\u00e5ll. Lycka till!<\/p>\r\n","protected":false},"excerpt":{"rendered":"<p>Detta \u00e4r en exempelsida. Den skiljer sig fr\u00e5n ett blogginl\u00e4gg genom att den finns kvar p\u00e5 samma plats och kommer att visas i din webbplatsnavigering (i de flesta teman). De flesta b\u00f6rjar med en Om-sida som presenterar dem f\u00f6r potentiella bes\u00f6kare. Den skulle t.ex kunna ha f\u00f6ljande inneh\u00e5ll: Hej d\u00e4r! Jag \u00e4r cykelbud p\u00e5 dagen, [&hellip;]<\/p>\n","protected":false},"author":35,"featured_media":0,"parent":0,"menu_order":0,"comment_status":"closed","ping_status":"open","template":"start-page.php","meta":{"_acf_changed":false,"footnotes":""},"class_list":["post-2","page","type-page","status-publish","hentry"],"acf":{"page_builder":[{"acf_fc_layout":"page_builder_opening_hours"}]},"yoast_head":"<!-- This site is optimized with the Yoast SEO plugin v26.9 - https:\/\/yoast.com\/product\/yoast-seo-wordpress\/ -->\n<title>Startsidan - Rasta Ekolskrog<\/title>\n<meta name=\"robots\" content=\"index, follow, max-snippet:-1, max-image-preview:large, max-video-preview:-1\" \/>\n<link rel=\"canonical\" href=\"https:\/\/www.rasta.se\/ekolskrog\/startsidan\/\" \/>\n<meta property=\"og:locale\" content=\"sv_SE\" \/>\n<meta property=\"og:type\" content=\"article\" \/>\n<meta property=\"og:title\" content=\"Startsidan - Rasta Ekolskrog\" \/>\n<meta property=\"og:description\" content=\"Detta \u00e4r en exempelsida. Den skiljer sig fr\u00e5n ett blogginl\u00e4gg genom att den finns kvar p\u00e5 samma plats och kommer att visas i din webbplatsnavigering (i de flesta teman). De flesta b\u00f6rjar med en Om-sida som presenterar dem f\u00f6r potentiella bes\u00f6kare. Den skulle t.ex kunna ha f\u00f6ljande inneh\u00e5ll: Hej d\u00e4r! Jag \u00e4r cykelbud p\u00e5 dagen, [&hellip;]\" \/>\n<meta property=\"og:url\" content=\"https:\/\/www.rasta.se\/ekolskrog\/startsidan\/\" \/>\n<meta property=\"og:site_name\" content=\"Rasta Ekolskrog\" \/>\n<meta property=\"article:modified_time\" content=\"2023-06-20T09:26:23+00:00\" \/>\n<meta name=\"twitter:card\" content=\"summary_large_image\" \/>\n<meta name=\"twitter:label1\" content=\"Ber\u00e4knad l\u00e4stid\" \/>\n\t<meta name=\"twitter:data1\" content=\"1 minut\" \/>\n<script type=\"application\/ld+json\" class=\"yoast-schema-graph\">{\"@context\":\"https:\/\/schema.org\",\"@graph\":[{\"@type\":\"WebPage\",\"@id\":\"https:\/\/www.rasta.se\/ekolskrog\/startsidan\/\",\"url\":\"https:\/\/www.rasta.se\/ekolskrog\/startsidan\/\",\"name\":\"Startsidan - Rasta Ekolskrog\",\"isPartOf\":{\"@id\":\"https:\/\/www.rasta.se\/ekolskrog\/#website\"},\"datePublished\":\"2021-11-18T13:28:03+00:00\",\"dateModified\":\"2023-06-20T09:26:23+00:00\",\"breadcrumb\":{\"@id\":\"https:\/\/www.rasta.se\/ekolskrog\/startsidan\/#breadcrumb\"},\"inLanguage\":\"sv-SE\",\"potentialAction\":[{\"@type\":\"ReadAction\",\"target\":[\"https:\/\/www.rasta.se\/ekolskrog\/startsidan\/\"]}]},{\"@type\":\"BreadcrumbList\",\"@id\":\"https:\/\/www.rasta.se\/ekolskrog\/startsidan\/#breadcrumb\",\"itemListElement\":[{\"@type\":\"ListItem\",\"position\":1,\"name\":\"Hem\",\"item\":\"https:\/\/www.rasta.se\/ekolskrog\/\"},{\"@type\":\"ListItem\",\"position\":2,\"name\":\"Startsidan\"}]},{\"@type\":\"WebSite\",\"@id\":\"https:\/\/www.rasta.se\/ekolskrog\/#website\",\"url\":\"https:\/\/www.rasta.se\/ekolskrog\/\",\"name\":\"Rasta Ekolskrog\",\"description\":\"Restaurang och v\u00e4gkrog\",\"potentialAction\":[{\"@type\":\"SearchAction\",\"target\":{\"@type\":\"EntryPoint\",\"urlTemplate\":\"https:\/\/www.rasta.se\/ekolskrog\/?s={search_term_string}\"},\"query-input\":{\"@type\":\"PropertyValueSpecification\",\"valueRequired\":true,\"valueName\":\"search_term_string\"}}],\"inLanguage\":\"sv-SE\"}]}<\/script>\n<!-- \/ Yoast SEO plugin. -->","yoast_head_json":{"title":"Startsidan - Rasta Ekolskrog","robots":{"index":"index","follow":"follow","max-snippet":"max-snippet:-1","max-image-preview":"max-image-preview:large","max-video-preview":"max-video-preview:-1"},"canonical":"https:\/\/www.rasta.se\/ekolskrog\/startsidan\/","og_locale":"sv_SE","og_type":"article","og_title":"Startsidan - Rasta Ekolskrog","og_description":"Detta \u00e4r en exempelsida. Den skiljer sig fr\u00e5n ett blogginl\u00e4gg genom att den finns kvar p\u00e5 samma plats och kommer att visas i din webbplatsnavigering (i de flesta teman). De flesta b\u00f6rjar med en Om-sida som presenterar dem f\u00f6r potentiella bes\u00f6kare. Den skulle t.ex kunna ha f\u00f6ljande inneh\u00e5ll: Hej d\u00e4r! Jag \u00e4r cykelbud p\u00e5 dagen, [&hellip;]","og_url":"https:\/\/www.rasta.se\/ekolskrog\/startsidan\/","og_site_name":"Rasta Ekolskrog","article_modified_time":"2023-06-20T09:26:23+00:00","twitter_card":"summary_large_image","twitter_misc":{"Ber\u00e4knad l\u00e4stid":"1 minut"},"schema":{"@context":"https:\/\/schema.org","@graph":[{"@type":"WebPage","@id":"https:\/\/www.rasta.se\/ekolskrog\/startsidan\/","url":"https:\/\/www.rasta.se\/ekolskrog\/startsidan\/","name":"Startsidan - Rasta Ekolskrog","isPartOf":{"@id":"https:\/\/www.rasta.se\/ekolskrog\/#website"},"datePublished":"2021-11-18T13:28:03+00:00","dateModified":"2023-06-20T09:26:23+00:00","breadcrumb":{"@id":"https:\/\/www.rasta.se\/ekolskrog\/startsidan\/#breadcrumb"},"inLanguage":"sv-SE","potentialAction":[{"@type":"ReadAction","target":["https:\/\/www.rasta.se\/ekolskrog\/startsidan\/"]}]},{"@type":"BreadcrumbList","@id":"https:\/\/www.rasta.se\/ekolskrog\/startsidan\/#breadcrumb","itemListElement":[{"@type":"ListItem","position":1,"name":"Hem","item":"https:\/\/www.rasta.se\/ekolskrog\/"},{"@type":"ListItem","position":2,"name":"Startsidan"}]},{"@type":"WebSite","@id":"https:\/\/www.rasta.se\/ekolskrog\/#website","url":"https:\/\/www.rasta.se\/ekolskrog\/","name":"Rasta Ekolskrog","description":"Restaurang och v\u00e4gkrog","potentialAction":[{"@type":"SearchAction","target":{"@type":"EntryPoint","urlTemplate":"https:\/\/www.rasta.se\/ekolskrog\/?s={search_term_string}"},"query-input":{"@type":"PropertyValueSpecification","valueRequired":true,"valueName":"search_term_string"}}],"inLanguage":"sv-SE"}]}},"_links":{"self":[{"href":"https:\/\/www.rasta.se\/ekolskrog\/wp-json\/wp\/v2\/pages\/2","targetHints":{"allow":["GET"]}}],"collection":[{"href":"https:\/\/www.rasta.se\/ekolskrog\/wp-json\/wp\/v2\/pages"}],"about":[{"href":"https:\/\/www.rasta.se\/ekolskrog\/wp-json\/wp\/v2\/types\/page"}],"author":[{"embeddable":true,"href":"https:\/\/www.rasta.se\/ekolskrog\/wp-json\/wp\/v2\/users\/35"}],"replies":[{"embeddable":true,"href":"https:\/\/www.rasta.se\/ekolskrog\/wp-json\/wp\/v2\/comments?post=2"}],"version-history":[{"count":37,"href":"https:\/\/www.rasta.se\/ekolskrog\/wp-json\/wp\/v2\/pages\/2\/revisions"}],"predecessor-version":[{"id":216,"href":"https:\/\/www.rasta.se\/ekolskrog\/wp-json\/wp\/v2\/pages\/2\/revisions\/216"}],"wp:attachment":[{"href":"https:\/\/www.rasta.se\/ekolskrog\/wp-json\/wp\/v2\/media?parent=2"}],"curies":[{"name":"wp","href":"https:\/\/api.w.org\/{rel}","templated":true}]}}